{"id":411,"date":"2024-11-29T08:46:35","date_gmt":"2024-11-29T08:46:35","guid":{"rendered":"http:\/\/www.orzznt.com\/?page_id=411"},"modified":"2024-12-02T12:42:14","modified_gmt":"2024-12-02T12:42:14","slug":"ihracat-tesvikleri-danismanligi","status":"publish","type":"page","link":"https:\/\/www.orzznt.com\/index.php\/ihracat-tesvikleri-danismanligi\/","title":{"rendered":"\u0130hracat Te\u015fvikleri Dan\u0131\u015fmanl\u0131\u011f\u0131"},"content":{"rendered":"\t\t<div data-elementor-type=\"wp-page\" data-elementor-id=\"411\" class=\"elementor elementor-411\" data-elementor-post-type=\"page\">\n\t\t\t\t<div class=\"elementor-element elementor-element-650e5fa7 e-flex e-con-boxed e-con e-parent\" data-id=\"650e5fa7\" data-element_type=\"container\" data-settings=\"{&quot;background_background&quot;:&quot;classic&quot;,&quot;_ha_eqh_enable&quot;:false}\">\n\t\t\t\t\t<div class=\"e-con-inner\">\n\t\t<div class=\"elementor-element elementor-element-40e1abaa e-con-full e-flex e-con e-child\" data-id=\"40e1abaa\" data-element_type=\"container\" data-settings=\"{&quot;_ha_eqh_enable&quot;:false}\">\n\t\t\t\t<div class=\"elementor-element elementor-element-1453b163 elementor-widget elementor-widget-heading\" data-id=\"1453b163\" data-element_type=\"widget\" data-widget_type=\"heading.default\">\n\t\t\t\t<div class=\"elementor-widget-container\">\n\t\t\t\t\t<h2 class=\"elementor-heading-title elementor-size-default\">\u0130hracat Te\u015fvikleri Dan\u0131\u015fmanl\u0131\u011f\u0131\n<\/h2>\t\t\t\t<\/div>\n\t\t\t\t<\/div>\n\t\t\t\t<div class=\"elementor-element elementor-element-19f1d2ec elementor-widget elementor-widget-text-editor\" data-id=\"19f1d2ec\" data-element_type=\"widget\" data-widget_type=\"text-editor.default\">\n\t\t\t\t<div class=\"elementor-widget-container\">\n\t\t\t\t\t\t\t\t\t<p>Anasayfa\/Hizmetlerimiz\/\u0130hracat Te\u015fvikleri Dan\u0131\u015fmanl\u0131\u011f\u0131<\/p>\t\t\t\t\t\t\t\t<\/div>\n\t\t\t\t<\/div>\n\t\t\t\t<\/div>\n\t\t\t\t\t<\/div>\n\t\t\t\t<\/div>\n\t\t<div class=\"elementor-element elementor-element-4e11091a e-flex e-con-boxed e-con e-parent\" data-id=\"4e11091a\" data-element_type=\"container\" data-settings=\"{&quot;_ha_eqh_enable&quot;:false}\">\n\t\t\t\t\t<div class=\"e-con-inner\">\n\t\t<div class=\"elementor-element elementor-element-71568d8b e-con-full e-flex e-con e-child\" data-id=\"71568d8b\" data-element_type=\"container\" data-settings=\"{&quot;_ha_eqh_enable&quot;:false}\">\n\t\t<div class=\"elementor-element elementor-element-2227cb47 e-con-full e-flex e-con e-child\" data-id=\"2227cb47\" data-element_type=\"container\" data-settings=\"{&quot;_ha_eqh_enable&quot;:false}\">\n\t\t\t\t<div class=\"elementor-element elementor-element-1e4e8a01 elementor-widget elementor-widget-elementskit-heading\" data-id=\"1e4e8a01\" data-element_type=\"widget\" data-widget_type=\"elementskit-heading.default\">\n\t\t\t\t<div class=\"elementor-widget-container\">\n\t\t\t\t\t<div class=\"ekit-wid-con\" ><div class=\"ekit-heading elementskit-section-title-wraper text_left   ekit_heading_tablet-   ekit_heading_mobile-text_left\"><h2 class=\"ekit-heading--title elementskit-section-title \">Hizmetlerimiz<\/h2><\/div><\/div>\t\t\t\t<\/div>\n\t\t\t\t<\/div>\n\t\t\t\t<div class=\"elementor-element elementor-element-5a3b4628 elementor-align-left elementor-mobile-align-left elementor-icon-list--layout-traditional elementor-list-item-link-full_width elementor-widget elementor-widget-icon-list\" data-id=\"5a3b4628\" data-element_type=\"widget\" data-widget_type=\"icon-list.default\">\n\t\t\t\t<div class=\"elementor-widget-container\">\n\t\t\t\t\t\t\t<ul class=\"elementor-icon-list-items\">\n\t\t\t\t\t\t\t<li class=\"elementor-icon-list-item\">\n\t\t\t\t\t\t\t\t\t\t\t<a href=\"https:\/\/www.orzznt.com\/index.php\/ihracat-tesvikleri-danismanligi\/\">\n\n\t\t\t\t\t\t\t\t\t\t\t\t<span class=\"elementor-icon-list-icon\">\n\t\t\t\t\t\t\t<i aria-hidden=\"true\" class=\"icon icon-right-arrow1\"><\/i>\t\t\t\t\t\t<\/span>\n\t\t\t\t\t\t\t\t\t\t<span class=\"elementor-icon-list-text\">\u0130hracat Te\u015fvikleri Dan\u0131\u015fmanl\u0131\u011f\u0131<\/span>\n\t\t\t\t\t\t\t\t\t\t\t<\/a>\n\t\t\t\t\t\t\t\t\t<\/li>\n\t\t\t\t\t\t\t\t<li class=\"elementor-icon-list-item\">\n\t\t\t\t\t\t\t\t\t\t\t<a href=\"https:\/\/www.orzznt.com\/index.php\/yatirim-tesvikleri-danismanligi\/\">\n\n\t\t\t\t\t\t\t\t\t\t\t\t<span class=\"elementor-icon-list-icon\">\n\t\t\t\t\t\t\t<i aria-hidden=\"true\" class=\"icon icon-right-arrow1\"><\/i>\t\t\t\t\t\t<\/span>\n\t\t\t\t\t\t\t\t\t\t<span class=\"elementor-icon-list-text\">Yat\u0131r\u0131m Te\u015fvikleri Dan\u0131\u015fmanl\u0131\u011f\u0131<\/span>\n\t\t\t\t\t\t\t\t\t\t\t<\/a>\n\t\t\t\t\t\t\t\t\t<\/li>\n\t\t\t\t\t\t\t\t<li class=\"elementor-icon-list-item\">\n\t\t\t\t\t\t\t\t\t\t\t<a href=\"https:\/\/www.orzznt.com\/index.php\/proje-bazli-tesvikler-danismanligi\/\">\n\n\t\t\t\t\t\t\t\t\t\t\t\t<span class=\"elementor-icon-list-icon\">\n\t\t\t\t\t\t\t<i aria-hidden=\"true\" class=\"icon icon-right-arrow1\"><\/i>\t\t\t\t\t\t<\/span>\n\t\t\t\t\t\t\t\t\t\t<span class=\"elementor-icon-list-text\">Proje Bazl\u0131 Te\u015fvikler Dan\u0131\u015fmanl\u0131\u011f\u0131<\/span>\n\t\t\t\t\t\t\t\t\t\t\t<\/a>\n\t\t\t\t\t\t\t\t\t<\/li>\n\t\t\t\t\t\t\t\t<li class=\"elementor-icon-list-item\">\n\t\t\t\t\t\t\t\t\t\t\t<a href=\"https:\/\/www.orzznt.com\/index.php\/ar-ge-ve-tasarim-merkezi-danismanligi\/\">\n\n\t\t\t\t\t\t\t\t\t\t\t\t<span class=\"elementor-icon-list-icon\">\n\t\t\t\t\t\t\t<i aria-hidden=\"true\" class=\"icon icon-right-arrow1\"><\/i>\t\t\t\t\t\t<\/span>\n\t\t\t\t\t\t\t\t\t\t<span class=\"elementor-icon-list-text\">Ar-Ge ve Tasar\u0131m Merkezi Dan\u0131\u015fmanl\u0131\u011f\u0131<\/span>\n\t\t\t\t\t\t\t\t\t\t\t<\/a>\n\t\t\t\t\t\t\t\t\t<\/li>\n\t\t\t\t\t\t\t\t<li class=\"elementor-icon-list-item\">\n\t\t\t\t\t\t\t\t\t\t\t<a href=\"https:\/\/www.orzznt.com\/index.php\/teknopark-danismanligi\/\">\n\n\t\t\t\t\t\t\t\t\t\t\t\t<span class=\"elementor-icon-list-icon\">\n\t\t\t\t\t\t\t<i aria-hidden=\"true\" class=\"icon icon-right-arrow1\"><\/i>\t\t\t\t\t\t<\/span>\n\t\t\t\t\t\t\t\t\t\t<span class=\"elementor-icon-list-text\">Teknopark Dan\u0131\u015fmanl\u0131\u011f\u0131<\/span>\n\t\t\t\t\t\t\t\t\t\t\t<\/a>\n\t\t\t\t\t\t\t\t\t<\/li>\n\t\t\t\t\t\t\t\t<li class=\"elementor-icon-list-item\">\n\t\t\t\t\t\t\t\t\t\t\t<a href=\"https:\/\/www.orzznt.com\/index.php\/kurumsal-risk-yonetimi-danismanligi\/\">\n\n\t\t\t\t\t\t\t\t\t\t\t\t<span class=\"elementor-icon-list-icon\">\n\t\t\t\t\t\t\t<i aria-hidden=\"true\" class=\"icon icon-right-arrow1\"><\/i>\t\t\t\t\t\t<\/span>\n\t\t\t\t\t\t\t\t\t\t<span class=\"elementor-icon-list-text\">Kurumsal Risk Y\u00f6netimi Dan\u0131\u015fmanl\u0131\u011f\u0131<\/span>\n\t\t\t\t\t\t\t\t\t\t\t<\/a>\n\t\t\t\t\t\t\t\t\t<\/li>\n\t\t\t\t\t\t<\/ul>\n\t\t\t\t\t\t<\/div>\n\t\t\t\t<\/div>\n\t\t\t\t<\/div>\n\t\t<div class=\"elementor-element elementor-element-49135b74 e-con-full e-flex e-con e-child\" data-id=\"49135b74\" data-element_type=\"container\" data-settings=\"{&quot;_ha_eqh_enable&quot;:false}\">\n\t\t\t\t<div class=\"elementor-element elementor-element-2c2f1d5b elementor-widget elementor-widget-image\" data-id=\"2c2f1d5b\" data-element_type=\"widget\" data-widget_type=\"image.default\">\n\t\t\t\t<div class=\"elementor-widget-container\">\n\t\t\t\t\t\t\t\t\t\t\t\t\t\t\t<img fetchpriority=\"high\" decoding=\"async\" width=\"800\" height=\"533\" src=\"https:\/\/www.orzznt.com\/wp-content\/uploads\/2024\/11\/izgo-20-1024x682.jpg\" class=\"attachment-large size-large wp-image-363\" alt=\"\" srcset=\"https:\/\/www.orzznt.com\/wp-content\/uploads\/2024\/11\/izgo-20-1024x682.jpg 1024w, https:\/\/www.orzznt.com\/wp-content\/uploads\/2024\/11\/izgo-20-300x200.jpg 300w, https:\/\/www.orzznt.com\/wp-content\/uploads\/2024\/11\/izgo-20-768x511.jpg 768w, https:\/\/www.orzznt.com\/wp-content\/uploads\/2024\/11\/izgo-20.jpg 1200w\" sizes=\"(max-width: 800px) 100vw, 800px\" \/>\t\t\t\t\t\t\t\t\t\t\t\t\t\t\t<\/div>\n\t\t\t\t<\/div>\n\t\t\t\t<\/div>\n\t\t\t\t<\/div>\n\t\t\t\t\t<\/div>\n\t\t\t\t<\/div>\n\t\t<div class=\"elementor-element elementor-element-5cbe3b1b e-flex e-con-boxed e-con e-parent\" data-id=\"5cbe3b1b\" data-element_type=\"container\" data-settings=\"{&quot;_ha_eqh_enable&quot;:false}\">\n\t\t\t\t\t<div class=\"e-con-inner\">\n\t\t<div class=\"elementor-element elementor-element-4b449d2a e-con-full e-flex e-con e-child\" data-id=\"4b449d2a\" data-element_type=\"container\" data-settings=\"{&quot;_ha_eqh_enable&quot;:false}\">\n\t\t<div class=\"elementor-element elementor-element-765fa87 e-con-full e-flex e-con e-child\" data-id=\"765fa87\" data-element_type=\"container\" data-settings=\"{&quot;_ha_eqh_enable&quot;:false}\">\n\t\t<div class=\"elementor-element elementor-element-31b59c1c e-con-full e-flex e-con e-child\" data-id=\"31b59c1c\" data-element_type=\"container\" data-settings=\"{&quot;_ha_eqh_enable&quot;:false}\">\n\t\t<div class=\"elementor-element elementor-element-181c3f4c e-con-full e-flex e-con e-child\" data-id=\"181c3f4c\" data-element_type=\"container\" data-settings=\"{&quot;background_background&quot;:&quot;classic&quot;,&quot;_ha_eqh_enable&quot;:false}\">\n\t\t\t\t<div class=\"elementor-element elementor-element-4a239461 elementor-align-left elementor-mobile-align-left elementor-icon-list--layout-traditional elementor-list-item-link-full_width elementor-widget elementor-widget-icon-list\" data-id=\"4a239461\" data-element_type=\"widget\" data-widget_type=\"icon-list.default\">\n\t\t\t\t<div class=\"elementor-widget-container\">\n\t\t\t\t\t\t\t<ul class=\"elementor-icon-list-items\">\n\t\t\t\t\t\t\t<li class=\"elementor-icon-list-item\">\n\t\t\t\t\t\t\t\t\t\t\t<a href=\"#\">\n\n\t\t\t\t\t\t\t\t\t\t\t\t<span class=\"elementor-icon-list-icon\">\n\t\t\t\t\t\t\t<svg aria-hidden=\"true\" class=\"e-font-icon-svg e-fas-file-pdf\" viewBox=\"0 0 384 512\" xmlns=\"http:\/\/www.w3.org\/2000\/svg\"><path d=\"M181.9 256.1c-5-16-4.9-46.9-2-46.9 8.4 0 7.6 36.9 2 46.9zm-1.7 47.2c-7.7 20.2-17.3 43.3-28.4 62.7 18.3-7 39-17.2 62.9-21.9-12.7-9.6-24.9-23.4-34.5-40.8zM86.1 428.1c0 .8 13.2-5.4 34.9-40.2-6.7 6.3-29.1 24.5-34.9 40.2zM248 160h136v328c0 13.3-10.7 24-24 24H24c-13.3 0-24-10.7-24-24V24C0 10.7 10.7 0 24 0h200v136c0 13.2 10.8 24 24 24zm-8 171.8c-20-12.2-33.3-29-42.7-53.8 4.5-18.5 11.6-46.6 6.2-64.2-4.7-29.4-42.4-26.5-47.8-6.8-5 18.3-.4 44.1 8.1 77-11.6 27.6-28.7 64.6-40.8 85.8-.1 0-.1.1-.2.1-27.1 13.9-73.6 44.5-54.5 68 5.6 6.9 16 10 21.5 10 17.9 0 35.7-18 61.1-61.8 25.8-8.5 54.1-19.1 79-23.2 21.7 11.8 47.1 19.5 64 19.5 29.2 0 31.2-32 19.7-43.4-13.9-13.6-54.3-9.7-73.6-7.2zM377 105L279 7c-4.5-4.5-10.6-7-17-7h-6v128h128v-6.1c0-6.3-2.5-12.4-7-16.9zm-74.1 255.3c4.1-2.7-2.5-11.9-42.8-9 37.1 15.8 42.8 9 42.8 9z\"><\/path><\/svg>\t\t\t\t\t\t<\/span>\n\t\t\t\t\t\t\t\t\t\t<span class=\"elementor-icon-list-text\">Uluslararas\u0131 Deneyim<\/span>\n\t\t\t\t\t\t\t\t\t\t\t<\/a>\n\t\t\t\t\t\t\t\t\t<\/li>\n\t\t\t\t\t\t\t\t<li class=\"elementor-icon-list-item\">\n\t\t\t\t\t\t\t\t\t\t\t<a href=\"#\">\n\n\t\t\t\t\t\t\t\t\t\t\t\t<span class=\"elementor-icon-list-icon\">\n\t\t\t\t\t\t\t<svg aria-hidden=\"true\" class=\"e-font-icon-svg e-fas-file-pdf\" viewBox=\"0 0 384 512\" xmlns=\"http:\/\/www.w3.org\/2000\/svg\"><path d=\"M181.9 256.1c-5-16-4.9-46.9-2-46.9 8.4 0 7.6 36.9 2 46.9zm-1.7 47.2c-7.7 20.2-17.3 43.3-28.4 62.7 18.3-7 39-17.2 62.9-21.9-12.7-9.6-24.9-23.4-34.5-40.8zM86.1 428.1c0 .8 13.2-5.4 34.9-40.2-6.7 6.3-29.1 24.5-34.9 40.2zM248 160h136v328c0 13.3-10.7 24-24 24H24c-13.3 0-24-10.7-24-24V24C0 10.7 10.7 0 24 0h200v136c0 13.2 10.8 24 24 24zm-8 171.8c-20-12.2-33.3-29-42.7-53.8 4.5-18.5 11.6-46.6 6.2-64.2-4.7-29.4-42.4-26.5-47.8-6.8-5 18.3-.4 44.1 8.1 77-11.6 27.6-28.7 64.6-40.8 85.8-.1 0-.1.1-.2.1-27.1 13.9-73.6 44.5-54.5 68 5.6 6.9 16 10 21.5 10 17.9 0 35.7-18 61.1-61.8 25.8-8.5 54.1-19.1 79-23.2 21.7 11.8 47.1 19.5 64 19.5 29.2 0 31.2-32 19.7-43.4-13.9-13.6-54.3-9.7-73.6-7.2zM377 105L279 7c-4.5-4.5-10.6-7-17-7h-6v128h128v-6.1c0-6.3-2.5-12.4-7-16.9zm-74.1 255.3c4.1-2.7-2.5-11.9-42.8-9 37.1 15.8 42.8 9 42.8 9z\"><\/path><\/svg>\t\t\t\t\t\t<\/span>\n\t\t\t\t\t\t\t\t\t\t<span class=\"elementor-icon-list-text\">Uzman Kadro<\/span>\n\t\t\t\t\t\t\t\t\t\t\t<\/a>\n\t\t\t\t\t\t\t\t\t<\/li>\n\t\t\t\t\t\t\t\t<li class=\"elementor-icon-list-item\">\n\t\t\t\t\t\t\t\t\t\t\t<a href=\"#\">\n\n\t\t\t\t\t\t\t\t\t\t\t\t<span class=\"elementor-icon-list-icon\">\n\t\t\t\t\t\t\t<svg aria-hidden=\"true\" class=\"e-font-icon-svg e-fas-file-pdf\" viewBox=\"0 0 384 512\" xmlns=\"http:\/\/www.w3.org\/2000\/svg\"><path d=\"M181.9 256.1c-5-16-4.9-46.9-2-46.9 8.4 0 7.6 36.9 2 46.9zm-1.7 47.2c-7.7 20.2-17.3 43.3-28.4 62.7 18.3-7 39-17.2 62.9-21.9-12.7-9.6-24.9-23.4-34.5-40.8zM86.1 428.1c0 .8 13.2-5.4 34.9-40.2-6.7 6.3-29.1 24.5-34.9 40.2zM248 160h136v328c0 13.3-10.7 24-24 24H24c-13.3 0-24-10.7-24-24V24C0 10.7 10.7 0 24 0h200v136c0 13.2 10.8 24 24 24zm-8 171.8c-20-12.2-33.3-29-42.7-53.8 4.5-18.5 11.6-46.6 6.2-64.2-4.7-29.4-42.4-26.5-47.8-6.8-5 18.3-.4 44.1 8.1 77-11.6 27.6-28.7 64.6-40.8 85.8-.1 0-.1.1-.2.1-27.1 13.9-73.6 44.5-54.5 68 5.6 6.9 16 10 21.5 10 17.9 0 35.7-18 61.1-61.8 25.8-8.5 54.1-19.1 79-23.2 21.7 11.8 47.1 19.5 64 19.5 29.2 0 31.2-32 19.7-43.4-13.9-13.6-54.3-9.7-73.6-7.2zM377 105L279 7c-4.5-4.5-10.6-7-17-7h-6v128h128v-6.1c0-6.3-2.5-12.4-7-16.9zm-74.1 255.3c4.1-2.7-2.5-11.9-42.8-9 37.1 15.8 42.8 9 42.8 9z\"><\/path><\/svg>\t\t\t\t\t\t<\/span>\n\t\t\t\t\t\t\t\t\t\t<span class=\"elementor-icon-list-text\">G\u00fcvenilir Hizmet<\/span>\n\t\t\t\t\t\t\t\t\t\t\t<\/a>\n\t\t\t\t\t\t\t\t\t<\/li>\n\t\t\t\t\t\t\t\t<li class=\"elementor-icon-list-item\">\n\t\t\t\t\t\t\t\t\t\t\t<a href=\"#\">\n\n\t\t\t\t\t\t\t\t\t\t\t\t<span class=\"elementor-icon-list-icon\">\n\t\t\t\t\t\t\t<svg aria-hidden=\"true\" class=\"e-font-icon-svg e-fas-file-pdf\" viewBox=\"0 0 384 512\" xmlns=\"http:\/\/www.w3.org\/2000\/svg\"><path d=\"M181.9 256.1c-5-16-4.9-46.9-2-46.9 8.4 0 7.6 36.9 2 46.9zm-1.7 47.2c-7.7 20.2-17.3 43.3-28.4 62.7 18.3-7 39-17.2 62.9-21.9-12.7-9.6-24.9-23.4-34.5-40.8zM86.1 428.1c0 .8 13.2-5.4 34.9-40.2-6.7 6.3-29.1 24.5-34.9 40.2zM248 160h136v328c0 13.3-10.7 24-24 24H24c-13.3 0-24-10.7-24-24V24C0 10.7 10.7 0 24 0h200v136c0 13.2 10.8 24 24 24zm-8 171.8c-20-12.2-33.3-29-42.7-53.8 4.5-18.5 11.6-46.6 6.2-64.2-4.7-29.4-42.4-26.5-47.8-6.8-5 18.3-.4 44.1 8.1 77-11.6 27.6-28.7 64.6-40.8 85.8-.1 0-.1.1-.2.1-27.1 13.9-73.6 44.5-54.5 68 5.6 6.9 16 10 21.5 10 17.9 0 35.7-18 61.1-61.8 25.8-8.5 54.1-19.1 79-23.2 21.7 11.8 47.1 19.5 64 19.5 29.2 0 31.2-32 19.7-43.4-13.9-13.6-54.3-9.7-73.6-7.2zM377 105L279 7c-4.5-4.5-10.6-7-17-7h-6v128h128v-6.1c0-6.3-2.5-12.4-7-16.9zm-74.1 255.3c4.1-2.7-2.5-11.9-42.8-9 37.1 15.8 42.8 9 42.8 9z\"><\/path><\/svg>\t\t\t\t\t\t<\/span>\n\t\t\t\t\t\t\t\t\t\t<span class=\"elementor-icon-list-text\">S\u00fcrd\u00fcr\u00fclebilir Yakla\u015f\u0131m<\/span>\n\t\t\t\t\t\t\t\t\t\t\t<\/a>\n\t\t\t\t\t\t\t\t\t<\/li>\n\t\t\t\t\t\t<\/ul>\n\t\t\t\t\t\t<\/div>\n\t\t\t\t<\/div>\n\t\t\t\t<\/div>\n\t\t<div class=\"elementor-element elementor-element-5a83667 e-con-full e-flex e-con e-child\" data-id=\"5a83667\" data-element_type=\"container\" data-settings=\"{&quot;background_background&quot;:&quot;classic&quot;,&quot;_ha_eqh_enable&quot;:false}\">\n\t\t<div class=\"elementor-element elementor-element-2970667 e-con-full e-flex e-con e-child\" data-id=\"2970667\" data-element_type=\"container\" data-settings=\"{&quot;background_background&quot;:&quot;classic&quot;,&quot;_ha_eqh_enable&quot;:false}\">\n\t\t\t\t<div class=\"elementor-element elementor-element-3e4326a elementor-widget elementor-widget-elementskit-heading\" data-id=\"3e4326a\" data-element_type=\"widget\" data-widget_type=\"elementskit-heading.default\">\n\t\t\t\t<div class=\"elementor-widget-container\">\n\t\t\t\t\t<div class=\"ekit-wid-con\" ><div class=\"ekit-heading elementskit-section-title-wraper text_center   ekit_heading_tablet-   ekit_heading_mobile-\"><h2 class=\"ekit-heading--title elementskit-section-title \">\u0130leti\u015fime Ge\u00e7in!<\/h2><\/div><\/div>\t\t\t\t<\/div>\n\t\t\t\t<\/div>\n\t\t\t\t<div class=\"elementor-element elementor-element-c9608fb elementor-widget elementor-widget-text-editor\" data-id=\"c9608fb\" data-element_type=\"widget\" data-widget_type=\"text-editor.default\">\n\t\t\t\t<div class=\"elementor-widget-container\">\n\t\t\t\t\t\t\t\t\t<p>Her sorunuz i\u00e7in bir telefon uza\u011f\u0131n\u0131zday\u0131z! Bize ula\u015f\u0131n, \u00e7\u00f6z\u00fcm odakl\u0131 destek sunal\u0131m.<\/p>\t\t\t\t\t\t\t\t<\/div>\n\t\t\t\t<\/div>\n\t\t\t\t<div class=\"elementor-element elementor-element-b75eb68 elementor-align-left elementor-icon-list--layout-traditional elementor-list-item-link-full_width elementor-widget elementor-widget-icon-list\" data-id=\"b75eb68\" data-element_type=\"widget\" data-widget_type=\"icon-list.default\">\n\t\t\t\t<div class=\"elementor-widget-container\">\n\t\t\t\t\t\t\t<ul class=\"elementor-icon-list-items\">\n\t\t\t\t\t\t\t<li class=\"elementor-icon-list-item\">\n\t\t\t\t\t\t\t\t\t\t\t<a href=\"#\">\n\n\t\t\t\t\t\t\t\t\t\t\t\t<span class=\"elementor-icon-list-icon\">\n\t\t\t\t\t\t\t<svg aria-hidden=\"true\" class=\"e-font-icon-svg e-fas-phone-square-alt\" viewBox=\"0 0 448 512\" xmlns=\"http:\/\/www.w3.org\/2000\/svg\"><path d=\"M400 32H48A48 48 0 0 0 0 80v352a48 48 0 0 0 48 48h352a48 48 0 0 0 48-48V80a48 48 0 0 0-48-48zm-16.39 307.37l-15 65A15 15 0 0 1 354 416C194 416 64 286.29 64 126a15.7 15.7 0 0 1 11.63-14.61l65-15A18.23 18.23 0 0 1 144 96a16.27 16.27 0 0 1 13.79 9.09l30 70A17.9 17.9 0 0 1 189 181a17 17 0 0 1-5.5 11.61l-37.89 31a231.91 231.91 0 0 0 110.78 110.78l31-37.89A17 17 0 0 1 299 291a17.85 17.85 0 0 1 5.91 1.21l70 30A16.25 16.25 0 0 1 384 336a17.41 17.41 0 0 1-.39 3.37z\"><\/path><\/svg>\t\t\t\t\t\t<\/span>\n\t\t\t\t\t\t\t\t\t\t<span class=\"elementor-icon-list-text\">0312 911 9703<\/span>\n\t\t\t\t\t\t\t\t\t\t\t<\/a>\n\t\t\t\t\t\t\t\t\t<\/li>\n\t\t\t\t\t\t\t\t<li class=\"elementor-icon-list-item\">\n\t\t\t\t\t\t\t\t\t\t\t<a href=\"#\">\n\n\t\t\t\t\t\t\t\t\t\t\t\t<span class=\"elementor-icon-list-icon\">\n\t\t\t\t\t\t\t<svg aria-hidden=\"true\" class=\"e-font-icon-svg e-fas-envelope-square\" viewBox=\"0 0 448 512\" xmlns=\"http:\/\/www.w3.org\/2000\/svg\"><path d=\"M400 32H48C21.49 32 0 53.49 0 80v352c0 26.51 21.49 48 48 48h352c26.51 0 48-21.49 48-48V80c0-26.51-21.49-48-48-48zM178.117 262.104C87.429 196.287 88.353 196.121 64 177.167V152c0-13.255 10.745-24 24-24h272c13.255 0 24 10.745 24 24v25.167c-24.371 18.969-23.434 19.124-114.117 84.938-10.5 7.655-31.392 26.12-45.883 25.894-14.503.218-35.367-18.227-45.883-25.895zM384 217.775V360c0 13.255-10.745 24-24 24H88c-13.255 0-24-10.745-24-24V217.775c13.958 10.794 33.329 25.236 95.303 70.214 14.162 10.341 37.975 32.145 64.694 32.01 26.887.134 51.037-22.041 64.72-32.025 61.958-44.965 81.325-59.406 95.283-70.199z\"><\/path><\/svg>\t\t\t\t\t\t<\/span>\n\t\t\t\t\t\t\t\t\t\t<span class=\"elementor-icon-list-text\">banu.kilic@orzznt.com<\/span>\n\t\t\t\t\t\t\t\t\t\t\t<\/a>\n\t\t\t\t\t\t\t\t\t<\/li>\n\t\t\t\t\t\t<\/ul>\n\t\t\t\t\t\t<\/div>\n\t\t\t\t<\/div>\n\t\t\t\t<\/div>\n\t\t\t\t<\/div>\n\t\t\t\t<\/div>\n\t\t\t\t<\/div>\n\t\t<div class=\"elementor-element elementor-element-994958b e-con-full e-flex e-con e-child\" data-id=\"994958b\" data-element_type=\"container\" data-settings=\"{&quot;_ha_eqh_enable&quot;:false}\">\n\t\t\t\t<div class=\"elementor-element elementor-element-c34696a elementor-widget elementor-widget-text-editor\" data-id=\"c34696a\" data-element_type=\"widget\" data-widget_type=\"text-editor.default\">\n\t\t\t\t<div class=\"elementor-widget-container\">\n\t\t\t\t\t\t\t\t\t<p>\u0130hracat, i\u015fletmelerin k\u00fcresel \u00f6l\u00e7ekte b\u00fcy\u00fcmeleri ve uluslararas\u0131 pazarlarda yer edinmeleri i\u00e7in kritik bir ad\u0131md\u0131r. Ancak, bu s\u00fcre\u00e7te firmalar\u0131n kar\u015f\u0131la\u015ft\u0131klar\u0131 b\u00fcrokratik engeller, mevzuat d\u00fczenlemeleri ve finansal zorluklar, ihracat\u0131n ba\u015far\u0131yla ger\u00e7ekle\u015ftirilmesini karma\u015f\u0131k hale getirebilir. Orizzonte olarak, bu zorluklar\u0131 a\u015fman\u0131z ve global rekabette g\u00fc\u00e7l\u00fc bir yer edinmeniz i\u00e7in <strong>\u0130hracat Te\u015fvikleri Dan\u0131\u015fmanl\u0131\u011f\u0131<\/strong> hizmetimizi sunuyoruz. Bu hizmetimiz, i\u015fletmenizin ihracat s\u00fcre\u00e7lerini kolayla\u015ft\u0131rmay\u0131, maliyetlerinizi optimize etmeyi ve te\u015fviklerden maksimum d\u00fczeyde faydalanman\u0131z\u0131 sa\u011flamay\u0131 hedefler.<\/p><p>Hizmetimiz kapsam\u0131nda, ihracat te\u015fviklerinin her alan\u0131nda uzman deste\u011fi sa\u011fl\u0131yor ve ihtiya\u00e7lar\u0131n\u0131za \u00f6zel \u00e7\u00f6z\u00fcmler sunuyoruz:<\/p><h3><strong>1. Mal \u0130hracat\u0131 Te\u015fvikleri<\/strong><\/h3><p>\u00dcr\u00fcnlerinizin yurtd\u0131\u015f\u0131 pazarlara a\u00e7\u0131lmas\u0131n\u0131 kolayla\u015ft\u0131ran te\u015fvikleri do\u011fru bir \u015fekilde de\u011ferlendirmenize yard\u0131mc\u0131 oluyoruz. D\u0131\u015f ticaret mevzuat\u0131na uygun projelendirme yaparak, devlet desteklerinden maksimum verimle yararlanman\u0131z\u0131 sa\u011fl\u0131yoruz. \u0130thalat-ihracat prosed\u00fcrlerinden nakliye ve lojistik s\u00fcre\u00e7lerine kadar her ad\u0131m\u0131 sizin ad\u0131n\u0131za planl\u0131yor ve y\u00f6netiyoruz.<\/p><h3><strong>2. Hizmet \u0130hracat\u0131 Te\u015fvikleri<\/strong><\/h3><p>Hizmet sekt\u00f6r\u00fc, k\u00fcresel ekonomide giderek daha fazla \u00f6nem kazan\u0131yor. Sa\u011fl\u0131k, bili\u015fim, e\u011fitim, dan\u0131\u015fmanl\u0131k ve di\u011fer hizmet alanlar\u0131nda faaliyet g\u00f6steren i\u015fletmelerin uluslararas\u0131 ba\u015far\u0131ya ula\u015fmas\u0131 i\u00e7in sa\u011flanan te\u015fvikleri detayl\u0131 bir \u015fekilde analiz ediyoruz. Do\u011fru te\u015fvik mekanizmalar\u0131n\u0131 belirliyor, hizmetlerinizi d\u00fcnya \u00e7ap\u0131nda tan\u0131tman\u0131za ve m\u00fc\u015fteri taban\u0131n\u0131z\u0131 geni\u015fletmenize destek oluyoruz.<\/p><h3><strong>3. Sa\u011fl\u0131k Turizmi Te\u015fvikleri<\/strong><\/h3><p>Sa\u011fl\u0131k sekt\u00f6r\u00fcnde faaliyet g\u00f6steren i\u015fletmeler i\u00e7in ihracat te\u015fvikleri, y\u00fcksek katma de\u011fer sa\u011flayan bir alan sunmaktad\u0131r. Medikal hizmetlerden estetik operasyonlara kadar geni\u015f bir yelpazede sa\u011fl\u0131k turizmi projelerinizi, uluslararas\u0131 standartlara uygun bir \u015fekilde yap\u0131land\u0131r\u0131yoruz. Devletin sundu\u011fu sa\u011fl\u0131k turizmi desteklerinden faydalanman\u0131z\u0131 sa\u011fl\u0131yor ve bu alanda markala\u015fma s\u00fcrecinizi h\u0131zland\u0131r\u0131yoruz.<\/p><h3><strong>4. \u0130hracata Ba\u015flang\u0131\u00e7<\/strong><\/h3><p>\u0130lk kez ihracata ad\u0131m atan firmalar i\u00e7in s\u00fcrecin karma\u015f\u0131kl\u0131\u011f\u0131n\u0131 ortadan kald\u0131r\u0131yor ve ihracata giri\u015f a\u015famalar\u0131nda rehberlik ediyoruz. \u00dcr\u00fcn ve hizmetlerinizi uluslararas\u0131 pazarlarla bulu\u015fturmak i\u00e7in gerekli olan yasal izinleri alman\u0131za, lojistik s\u00fcre\u00e7leri organize etmenize ve pazar ara\u015ft\u0131rmas\u0131 yapman\u0131za yard\u0131mc\u0131 oluyoruz.<\/p><h3><strong>5. \u0130hracat\u0131 Geli\u015ftirme<\/strong><\/h3><p>Halihaz\u0131rda ihracat yapan firmalar\u0131n mevcut ihracat hacmini art\u0131rmalar\u0131 ve yeni pazar f\u0131rsatlar\u0131n\u0131 de\u011ferlendirmeleri i\u00e7in stratejik \u00e7\u00f6z\u00fcmler sunuyoruz. Hedef \u00fclkelerin ticaret politikalar\u0131n\u0131 analiz ediyor, uygun te\u015fvik programlar\u0131n\u0131 belirliyor ve ihracat\u0131n\u0131z\u0131 daha karl\u0131 ve s\u00fcrd\u00fcr\u00fclebilir hale getirecek ad\u0131mlar atman\u0131z\u0131 sa\u011fl\u0131yoruz.<\/p><h3><strong>6. E-Ticaret ve Bili\u015fim \u0130hracat\u0131 Te\u015fvikleri<\/strong><\/h3><p>Dijitalle\u015fmenin h\u0131z kazand\u0131\u011f\u0131 g\u00fcn\u00fcm\u00fczde, e-ticaret ve bili\u015fim sekt\u00f6r\u00fcnde faaliyet g\u00f6steren firmalar\u0131n ihracat s\u00fcre\u00e7lerini desteklemek i\u00e7in \u00f6zel dan\u0131\u015fmanl\u0131k sa\u011fl\u0131yoruz. E-ticaret platformlar\u0131n\u0131n entegrasyonu, uluslararas\u0131 dijital \u00f6deme sistemleri ve bili\u015fim \u00fcr\u00fcnleri ihracat\u0131nda sa\u011flanan te\u015fvikler konusunda rehberlik ediyoruz. B\u00f6ylece dijital \u00fcr\u00fcn ve hizmetlerinizi k\u00fcresel pazarlara kolayca ta\u015f\u0131man\u0131z\u0131 sa\u011fl\u0131yoruz.<\/p><h3><strong>7. Turquality Program\u0131<\/strong><\/h3><p>Markala\u015fma hedeflerinizi ger\u00e7ekle\u015ftirmek ve global pazarlarda g\u00fc\u00e7l\u00fc bir marka olarak yer almak i\u00e7in Turquality program\u0131na y\u00f6nelik dan\u0131\u015fmanl\u0131k hizmeti sunuyoruz. Marka y\u00f6netimi, kurumsal altyap\u0131 geli\u015ftirme, yurtd\u0131\u015f\u0131 pazar ara\u015ft\u0131rmalar\u0131 ve devlet desteklerinden faydalanma s\u00fcre\u00e7lerinde uzman ekibimizle yan\u0131n\u0131zday\u0131z.<\/p><hr \/><p><strong>Orizzonte \u0130hracat Te\u015fvikleri Dan\u0131\u015fmanl\u0131\u011f\u0131<\/strong>, sadece mevzuat odakl\u0131 bir rehberlik sunman\u0131n \u00f6tesine ge\u00e7er; i\u015fletmenizin k\u00fcresel hedeflerini ger\u00e7ekle\u015ftirmek i\u00e7in stratejik bir ortak olarak \u00e7al\u0131\u015f\u0131r. Her bir te\u015fvik program\u0131n\u0131 titizlikle inceleyerek, firman\u0131z\u0131n ihtiya\u00e7lar\u0131na \u00f6zel \u00e7\u00f6z\u00fcmler sunar\u0131z. Ba\u015far\u0131ya giden yolda att\u0131\u011f\u0131n\u0131z her ad\u0131mda yan\u0131n\u0131zda olmay\u0131 taahh\u00fct ediyoruz.<\/p><p>\u00a0<\/p>\t\t\t\t\t\t\t\t<\/div>\n\t\t\t\t<\/div>\n\t\t\t\t<\/div>\n\t\t\t\t<\/div>\n\t\t\t\t\t<\/div>\n\t\t\t\t<\/div>\n\t\t\t\t<\/div>\n\t\t","protected":false},"excerpt":{"rendered":"<p>\u0130hracat Te\u015fvikleri Dan\u0131\u015fmanl\u0131\u011f\u0131 Anasayfa\/Hizmetlerimiz\/\u0130hracat Te\u015fvikleri Dan\u0131\u015fmanl\u0131\u011f\u0131 Hizmetlerimiz \u0130hracat Te\u015fvikleri Dan\u0131\u015fmanl\u0131\u011f\u0131 Yat\u0131r\u0131m Te\u015fvikleri Dan\u0131\u015fmanl\u0131\u011f\u0131 Proje Bazl\u0131 Te\u015fvikler Dan\u0131\u015fmanl\u0131\u011f\u0131 Ar-Ge ve Tasar\u0131m Merkezi Dan\u0131\u015fmanl\u0131\u011f\u0131 Teknopark Dan\u0131\u015fmanl\u0131\u011f\u0131 Kurumsal Risk Y\u00f6netimi Dan\u0131\u015fmanl\u0131\u011f\u0131 Uluslararas\u0131 Deneyim Uzman Kadro G\u00fcvenilir Hizmet S\u00fcrd\u00fcr\u00fclebilir Yakla\u015f\u0131m \u0130leti\u015fime Ge\u00e7in! Her sorunuz i\u00e7in bir telefon uza\u011f\u0131n\u0131zday\u0131z! Bize ula\u015f\u0131n, \u00e7\u00f6z\u00fcm odakl\u0131 destek sunal\u0131m. 0312 911 9703 banu.kilic@orzznt.com \u0130hracat, [&hellip;]<\/p>\n","protected":false},"author":1,"featured_media":0,"parent":0,"menu_order":0,"comment_status":"closed","ping_status":"closed","template":"elementor_header_footer","meta":{"footnotes":""},"class_list":["post-411","page","type-page","status-publish","hentry"],"_links":{"self":[{"href":"https:\/\/www.orzznt.com\/index.php\/wp-json\/wp\/v2\/pages\/411","targetHints":{"allow":["GET"]}}],"collection":[{"href":"https:\/\/www.orzznt.com\/index.php\/wp-json\/wp\/v2\/pages"}],"about":[{"href":"https:\/\/www.orzznt.com\/index.php\/wp-json\/wp\/v2\/types\/page"}],"author":[{"embeddable":true,"href":"https:\/\/www.orzznt.com\/index.php\/wp-json\/wp\/v2\/users\/1"}],"replies":[{"embeddable":true,"href":"https:\/\/www.orzznt.com\/index.php\/wp-json\/wp\/v2\/comments?post=411"}],"version-history":[{"count":40,"href":"https:\/\/www.orzznt.com\/index.php\/wp-json\/wp\/v2\/pages\/411\/revisions"}],"predecessor-version":[{"id":709,"href":"https:\/\/www.orzznt.com\/index.php\/wp-json\/wp\/v2\/pages\/411\/revisions\/709"}],"wp:attachment":[{"href":"https:\/\/www.orzznt.com\/index.php\/wp-json\/wp\/v2\/media?parent=411"}],"curies":[{"name":"wp","href":"https:\/\/api.w.org\/{rel}","templated":true}]}}